millions digit of 2865874969?
6
What is the units digit of 8968716?
6
What is the hundred thousands digit of 61974127?
9
What is the units digit of 136568497?
7
What is the units digit of 357659008?
8
What is the ten millions digit of 728468782?
2
What is the hundred thousands digit of 1781563?
7
What is the tens digit of 7964954?
5
What is the millions digit of 249577761?
9
What is the hundred thousands digit of 55752785?
7
What is the tens digit of 5690459669?
6
What is the hundreds digit of 473841051?
0
What is the ten thousands digit of 55777668?
7
What is the hundred millions digit of 125943207?
1
What is the hundred thousands digit of 2131525?
1
What is the millions digit of 5475921364?
5
What is the billions digit of 4394460968?
4
What is the ten millions digit of 99714354?
9
What is the millions digit of 48053359?
8
What is the tens digit of 9971550?
5
What is the tens digit of 9477666?
6
What is the tens digit of 98195113?
1
What is the thousands digit of 6588395?
8
What is the ten thousands digit of 88973070?
7
What is the millions digit of 13689972?
3
What is the tens digit of 951036615?
1
What is the tens digit of 3169832497?
9
What is the ten thousands digit of 1344157?
4
What is the units digit of 91007753?
3
What is the hundreds digit of 6117329?
3
What is the billions digit of 1002632065?
1
What is the hundred thousands digit of 438256175?
2
What is the millions digit of 896532309?
6
What is the hundred thousands digit of 99328698?
3
What is the hundreds digit of 62933912?
9
What is the ten thousands digit of 157398202?
9
What is the thousands digit of 15527632?
7
What is the units digit of 6129750?
0
What is the millions digit of 3033222849?
3
What is the hundred thousands digit of 100157692?
1
What is the ten thousands digit of 31833311?
3
What is the tens digit of 104849894?
9
What is the hundred millions digit of 125493334?
1
What is the thousands digit of 30390520?
0
What is the ten thousands digit of 2568902923?
0
What is the hundreds digit of 51566115?
1
What is the units digit of 945840868?
8
What is the ten thousands digit of 19299197?
9
What is the billions digit of 1210724561?
1
What is the units digit of 3118813763?
3
What is the ten thousands digit of 3420257233?
5
What is the units digit of 826172744?
4
What is the hundred thousands digit of 822587420?
5
What is the ten millions digit of 208774012?
0
What is the units digit of 15190132?
2
What is the ten millions digit of 2509707204?
0
What is the ten thousands digit of 37093276?
9
What is the units digit of 118118953?
3
What is the millions digit of 15322880?
5
What is the tens digit of 321352030?
3
What is the hundred thousands digit of 984711846?
7
What is the units digit of 307085092?
2
What is the tens digit of 123568185?
8
What is the millions digit of 5919020095?
9
What is the ten millions digit of 86962949?
8
What is the ten millions digit of 697380633?
9
What is the ten thousands digit of 222435832?
3
What is the millions digit of 1312560206?
2
What is the millions digit of 193438923?
3
What is the ten millions digit of 11803408?
1
What is the hundred thousands digit of 20617617?
6
What is the ten millions digit of 2701674130?
0
What is the hundred thousands digit of 12777108?
7
What is the hundred thousands digit of 563503273?
5
What is the ten thousands digit of 14678406?
7
What is the hundred thousands digit of 3361060?
3
What is the hundred thousands digit of 4952699920?
6
What is the units digit of 2274043238?
8
What is the ten thousands digit of 24165846?
6
What is the ten thousands digit of 420047132?
4
What is the tens digit of 235920077?
7
What is the ten thousands digit of 161278740?
7
What is the thousands digit of 651984808?
4
What is the hundred millions digit of 256412962?
2
What is the millions digit of 494392733?
4
What is the hundreds digit of 89265887?
8
What is the hundreds digit of 168015012?
0
What is the units digit of 145786478?
8
What is the millions digit of 3287558?
3
What is the units digit of 23598346?
6
What is the hundreds digit of 1221579601?
6
What is the hundreds digit of 45146288?
2
What is the tens digit of 5652976377?
7
What is the hundred thousands digit of 130099264?
0
What is the millions digit of 110571324?
0
What is the ten thousands digit of 5102320177?
2
What is the ten thousands digit of 52841940?
4
What is the millions digit of 790789648?
0
What is the tens digit of 1870745202?
0
What is the hundreds digit of 100975888?
8
What is the hundred millions digit of 681283377?
6
What is the tens digit of 10855180?
8
What is the millions digit of 411195954?
1
What is the millions digit of 13077409?
3
What is the ten millions digit of 1916469099?
1
What is the millions digit of 46426060?
6
What is the millions digit of 141235415?
1
What is the ten millions digit of 51081758?
5
What is the millions digit of 58633587?
8
What is the millions digit of 463825955?
3
What is the ten thousands digit of 51687051?
8
What is the millions digit of 2828739937?
8
What is the hundred thousands digit of 1614926?
6
What is the hundred thousands digit of 126504202?
5
What is the ten thousands digit of 15924457?
2
What is the units digit of 320341236?
6
What is the ten thousands digit of 975308574?
0
What is the tens digit of 49309817?
1
What is the units digit of 689779592?
2
What is the billions digit of 1262306338?
1
What is the units digit of 65971829?
9
What is the units digit of 778284914?
4
What is the units digit of 451890443?
3
What is the hundreds digit of 355255552?
5
What is the billions digit of 1068528988?
1
What is the ten thousands digit of 157188564?
8
What is the hundred thousands digit of 1143574?
1
What is the thousands digit of 401240686?
0
What is the millions digit of 17247837?
7
What is the hundreds digit of 1189228824?
8
What is the hundreds digit of 649069800?
8
What is the millions digit of 4306355?
4
What is the hundreds digit of 92355312?
3
What is the hundred thousands digit of 3053795?
0
What is the tens digit of 176600982?
8
What is the hundred millions digit of 636584254?
6
What is the hundred thousands digit of 4707096745?
0
What is the millions digit of 678679451?
8
What is the hundred millions digit of 625264585?
6
What is the hundreds digit of 252310033?
0
What is the hundreds digit of 34393774?
7
What is the ten thousands digit of 566756836?
5
What is the thousands digit of 434119541?
9
What is the hundred millions digit of 318453236?
3
What is the ten thousands digit of 335956953?
5
What is the units digit of 6591055078?
8
What is the hundreds digit of 31082052?
0
What is the millions digit of 156285977?
6
What is the millions digit of 97572942?
7
What is the thousands digit of 7951435?
1
What is the ten thousands digit of 53614347?
1
What is the tens digit of 3235362?
6
What is the millions digit of 48229625?
8
What is the hundred millions digit of 355377957?
3
What is the hundred thousands digit of 346574989?
5
What is the units digit of 1392801171?
1
What is the ten thousands digit of 409339227?
3
What is the thousands digit of 55640981?
0
What is the ten thousands digit of 912576797?
7
What is the ten millions digit of 546491373?
4
What is the thousands digit of 7021215297?
5
What is the units digit of 1906600736?
6
What is the hundred millions digit of 3319046079?
3
What is the units digit of 502114697?
7
What is the units digit of 7882525348?
8
What is the units digit of 74076636?
6
What is the ten millions digit of 45143893?
4
What is the hundred millions digit of 1341087601?
3
What is the units digit of 67860586?
6
What is the tens digit of 7433002?
0
What is the units digit of 8207347?
7
What is the hundreds digit of 3322969558?
5
What is the units digit of 1198790550?
0
What is the thousands digit of 912908739?
8
What is the tens digit of 27801742?
4
What is the millions digit of 63654561?
3
What is the tens digit of 159902546?
4
What is the hundred millions digit of 226746938?
2
What is the hundred thousands digit of 683866550?
8
What is the millions digit of 1237102677?
7
What is the ten millions digit of 1492254230?
9
What is the ten thousands digit of 143809365?
0
What is the units digit of 560307818?
8
What is the hundreds digit of 85606019?
0
What is the tens digit of 514919254?
